actors of 772?
2, 193
What are the prime factors of 13904?
2, 11, 79
What are the prime factors of 10754?
2, 19, 283
What are the prime factors of 45503?
45503
What are the prime factors of 6389?
6389
What are the prime factors of 798?
2, 3, 7, 19
What are the prime factors of 18849?
3, 61, 103
What are the prime factors of 16723?
7, 2389
List the prime factors of 548.
2, 137
What are the prime factors of 4793?
4793
What are the prime factors of 32180?
2, 5, 1609
List the prime factors of 148461.
3, 17, 41, 71
What are the prime factors of 4097?
17, 241
List the prime factors of 50714.
2, 25357
List the prime factors of 1399.
1399
What are the prime factors of 16679?
13, 1283
List the prime factors of 124251.
3, 83, 499
What are the prime factors of 914?
2, 457
What are the prime factors of 931?
7, 19
List the prime factors of 310.
2, 5, 31
List the prime factors of 1248.
2, 3, 13
List the prime factors of 16960.
2, 5, 53
What are the prime factors of 50021?
50021
What are the prime factors of 212?
2, 53
List the prime factors of 113186.
2, 17, 3329
List the prime factors of 2284.
2, 571
What are the prime factors of 1274?
2, 7, 13
What are the prime factors of 35224?
2, 7, 17, 37
List the prime factors of 6626.
2, 3313
What are the prime factors of 52837?
52837
What are the prime factors of 11051?
43, 257
List the prime factors of 2919.
3, 7, 139
What are the prime factors of 10109?
11, 919
What are the prime factors of 6091?
6091
List the prime factors of 850.
2, 5, 17
What are the prime factors of 745?
5, 149
What are the prime factors of 2726?
2, 29, 47
List the prime factors of 1396.
2, 349
What are the prime factors of 23522?
2, 19, 619
List the prime factors of 5604.
2, 3, 467
What are the prime factors of 62?
2, 31
List the prime factors of 5228.
2, 1307
List the prime factors of 4924.
2, 1231
List the prime factors of 32730.
2, 3, 5, 1091
What are the prime factors of 29096?
2, 3637
List the prime factors of 29460.
2, 3, 5, 491
List the prime factors of 1592.
2, 199
What are the prime factors of 10029?
3, 3343
What are the prime factors of 20444?
2, 19, 269
List the prime factors of 5670.
2, 3, 5, 7
List the prime factors of 71739.
3, 2657
What are the prime factors of 923?
13, 71
What are the prime factors of 2446?
2, 1223
What are the prime factors of 278?
2, 139
List the prime factors of 3237.
3, 13, 83
What are the prime factors of 7310?
2, 5, 17, 43
List the prime factors of 829.
829
What are the prime factors of 137439?
3, 15271
List the prime factors of 132002.
2, 13, 5077
What are the prime factors of 7922?
2, 17, 233
What are the prime factors of 837?
3, 31
What are the prime factors of 325?
5, 13
What are the prime factors of 33412?
2, 8353
What are the prime factors of 105930?
2, 3, 5, 11, 107
What are the prime factors of 4897?
59, 83
What are the prime factors of 2883?
3, 31
What are the prime factors of 5626?
2, 29, 97
What are the prime factors of 12516?
2, 3, 7, 149
What are the prime factors of 4021?
4021
What are the prime factors of 59792?
2, 37, 101
List the prime factors of 16768.
2, 131
What are the prime factors of 6520?
2, 5, 163
What are the prime factors of 539?
7, 11
List the prime factors of 24.
2, 3
What are the prime factors of 8514?
2, 3, 11, 43
List the prime factors of 2230.
2, 5, 223
What are the prime factors of 3513?
3, 1171
List the prime factors of 61731.
3, 19
What are the prime factors of 1384?
2, 173
List the prime factors of 441.
3, 7
List the prime factors of 117.
3, 13
List the prime factors of 48276.
2, 3, 149
What are the prime factors of 630?
2, 3, 5, 7
List the prime factors of 7959.
3, 7, 379
List the prime factors of 54478.
2, 27239
List the prime factors of 1430.
2, 5, 11, 13
What are the prime factors of 3581?
3581
List the prime factors of 2769.
3, 13, 71
List the prime factors of 3403.
41, 83
What are the prime factors of 437?
19, 23
What are the prime factors of 32777?
73, 449
List the prime factors of 2390.
2, 5, 239
List the prime factors of 38492.
2, 9623
List the prime factors of 2305.
5, 461
List the prime factors of 24971.
24971
What are the prime factors of 5264?
2, 7, 47
List the prime factors of 779.
19, 41
List the prime factors of 3232.
2, 101
What are the prime factors of 456?
2, 3, 19
List the prime factors of 4172.
2, 7, 149
What are the prime factors of 1430?
2, 5, 11, 13
What are the prime factors of 499?
499
What are the prime factors of 4656?
2, 3, 97
What are the prime factors of 463?
463
List the prime factors of 58.
2, 29
What are the prime factors of 22879?
137, 167
List the prime factors of 25652.
2, 11, 53
List the prime factors of 395.
5, 79
List the prime factors of 1529.
11, 139
List the prime factors of 1402.
2, 701
List the prime factors of 7087.
19, 373
What are the prime factors of 4183?
47, 89
What are the prime factors of 921?
3, 307
What are the prime factors of 1806?
2, 3, 7, 43
List the prime factors of 469.
7, 67
List the prime factors of 21044.
2, 5261
What are the prime factors of 1545?
3, 5, 103
What are the prime factors of 995?
5, 199
List the prime factors of 2896.
2, 181
List the prime factors of 1636.
2, 409
List the prime factors of 2237.
2237
List the prime factors of 70604.
2, 19, 929
List the prime factors of 9023.
7, 1289
List the prime factors of 122944.
2, 17, 113
List the prime factors of 13310.
2, 5, 11
List the prime factors of 11045.
5, 47
What are the prime factors of 27960?
2, 3, 5, 233
What are the prime factors of 9068?
2, 2267
What are the prime factors of 1236?
2, 3, 103
List the prime factors of 3381.
3, 7, 23
List the prime factors of 1851.
3, 617
List the prime factors of 1054.
2, 17, 31
What are the prime factors of 52?
2, 13
List the prime factors of 128441.
29, 43, 103
What are the prime factors of 1078?
2, 7, 11
What are the prime factors of 3600?
2, 3, 5
What are the prime factors of 1469?
13, 113
List the prime factors of 33430.
2, 5, 3343
List the prime factors of 1035.
3, 5, 23
What are the prime factors of 884?
2, 13, 17
What are the prime factors of 139?
139
What are the prime factors of 23281?
31, 751
List the prime factors of 196.
2, 7
What are the prime factors of 3606?
2, 3, 601
List the prime factors of 63028.
2, 7, 2251
List the prime factors of 160300.
2, 5, 7, 229
List the prime factors of 76052.
2, 19013
List the prime factors of 28309.
28309
List the prime factors of 6023.
19, 317
List the prime factors of 81.
3
List the prime factors of 6694.
2, 3347
What are the prime factors of 17699?
11, 1609
List the prime factors of 7716.
2, 3, 643
What are the prime factors of 101791?
137, 743
What are the prime factors of 89013?
3, 29671
List the prime factors of 3785.
5, 757
List the prime factors of 1353.
3, 11, 41
List the prime factors of 21845.
5, 17, 257
What are the prime factors of 1702?
2, 23, 37
List the prime factors of 8213.
43, 191
List the prime factors of 46880.
2, 5, 293
What are the prime factors of 12186?
2, 3, 677
What are the prime factors of 5795?
5, 19, 61
List the prime factors of 2754.
2, 3, 17
List the prime factors of 7591.
7591
List the prime factors of 9066.
2, 3, 1511
List the prime factors of 838.
2, 419
List the prime factors of 48356.
2, 7, 11, 157
List the prime factors of 7172.
2, 11, 163
What are the prime factors of 33338?
2, 79, 211
What are the prime factors of 15591?
3, 5197
List the prime factors of 11329.
11329
List the prime factors of 54872.
2, 19
What are the prime factors of 75313?
7, 29, 53
List the prime factors of 11870.
2, 5, 1187
List the prime factors of 1504.
2, 47
List the prime factors of 2542.
2, 31, 41
List the prime factors of 5202.
2, 3, 17
What are the prime factors of 7154?
2, 7, 73
List the prime factors of 426.
2, 3, 71
List the prime factors of 1448.
2, 181
List the prime factors of 42511.
7, 6073
List the prime factors of 18657.
3, 691
List the prime factors of 14187.
3, 4729
List the prime factors of 43118.
2, 21559
What are the prime factors of 21232?
2, 1327
List the prime factors of 19670.
2, 5, 7, 281
What are the prime factors of 782?
2, 17, 23
What are the prime factors of 129?
3, 43
What are the prime factors of 3294?
2, 3, 61
List the prime factors of 1115.
5, 223
What are the prime factors of 3952?
2, 13, 19
What are the prime f